 59
What are the prime factors of 16447?
16447
What are the prime factors of 515?
5, 103
What are the prime factors of 3029?
13, 233
What are the prime factors of 8530?
2, 5, 853
What are the prime factors of 359?
359
What are the prime factors of 6613?
17, 389
List the prime factors of 166.
2, 83
List the prime factors of 2133.
3, 79
What are the prime factors of 3178?
2, 7, 227
List the prime factors of 12658.
2, 6329
What are the prime factors of 9934?
2, 4967
What are the prime factors of 13985?
5, 2797
What are the prime factors of 760?
2, 5, 19
List the prime factors of 57252.
2, 3, 13, 367
List the prime factors of 694.
2, 347
List the prime factors of 22398.
2, 3, 3733
List the prime factors of 4590.
2, 3, 5, 17
What are the prime factors of 886?
2, 443
List the prime factors of 102974.
2, 51487
What are the prime factors of 1812?
2, 3, 151
What are the prime factors of 73456?
2, 4591
What are the prime factors of 1726?
2, 863
List the prime factors of 1256.
2, 157
List the prime factors of 2404.
2, 601
What are the prime factors of 1053?
3, 13
What are the prime factors of 2385?
3, 5, 53
List the prime factors of 88490.
2, 5, 8849
What are the prime factors of 57922?
2, 28961
What are the prime factors of 2888?
2, 19
What are the prime factors of 822?
2, 3, 137
What are the prime factors of 1013?
1013
List the prime factors of 1266.
2, 3, 211
What are the prime factors of 28215?
3, 5, 11, 19
What are the prime factors of 34629?
3, 7, 17, 97
List the prime factors of 3189.
3, 1063
List the prime factors of 109867.
181, 607
List the prime factors of 2999.
2999
List the prime factors of 9872.
2, 617
List the prime factors of 49148.
2, 11, 1117
List the prime factors of 12855.
3, 5, 857
List the prime factors of 7631.
13, 587
List the prime factors of 725.
5, 29
List the prime factors of 830.
2, 5, 83
What are the prime factors of 80578?
2, 40289
List the prime factors of 20138.
2, 10069
List the prime factors of 1623.
3, 541
List the prime factors of 1121.
19, 59
What are the prime factors of 11025?
3, 5, 7
List the prime factors of 1119.
3, 373
What are the prime factors of 6172?
2, 1543
List the prime factors of 26064.
2, 3, 181
List the prime factors of 1868.
2, 467
List the prime factors of 2630.
2, 5, 263
List the prime factors of 32167.
19, 1693
What are the prime factors of 760?
2, 5, 19
List the prime factors of 872.
2, 109
What are the prime factors of 37349?
13, 17
What are the prime factors of 1464?
2, 3, 61
List the prime factors of 835.
5, 167
List the prime factors of 11142.
2, 3, 619
List the prime factors of 779.
19, 41
What are the prime factors of 3350?
2, 5, 67
List the prime factors of 4868.
2, 1217
What are the prime factors of 623?
7, 89
List the prime factors of 1236.
2, 3, 103
What are the prime factors of 11587?
11587
What are the prime factors of 24?
2, 3
What are the prime factors of 1534?
2, 13, 59
List the prime factors of 8214.
2, 3, 37
List the prime factors of 24173.
23, 1051
What are the prime factors of 34329?
3, 11443
List the prime factors of 929.
929
What are the prime factors of 2074?
2, 17, 61
What are the prime factors of 35?
5, 7
What are the prime factors of 30803?
30803
What are the prime factors of 6087?
3, 2029
List the prime factors of 42387.
3, 71, 199
List the prime factors of 34234.
2, 17117
List the prime factors of 49717.
83, 599
What are the prime factors of 107434?
2, 53717
What are the prime factors of 19132?
2, 4783
What are the prime factors of 29949?
3, 67, 149
What are the prime factors of 17127?
3, 11, 173
What are the prime factors of 9779?
7, 11, 127
List the prime factors of 914.
2, 457
List the prime factors of 3807.
3, 47
What are the prime factors of 43239?
3, 7, 29, 71
List the prime factors of 9447.
3, 47, 67
What are the prime factors of 3469?
3469
List the prime factors of 571.
571
What are the prime factors of 797?
797
What are the prime factors of 2779?
7, 397
What are the prime factors of 151294?
2, 11, 13, 23
List the prime factors of 5792.
2, 181
What are the prime factors of 3756?
2, 3, 313
List the prime factors of 26766.
2, 3, 1487
What are the prime factors of 16504?
2, 2063
List the prime factors of 74137.
7, 17, 89
What are the prime factors of 44?
2, 11
What are the prime factors of 22664?
2, 2833
What are the prime factors of 2383?
2383
What are the prime factors of 87519?
3, 29173
List the prime factors of 74644.
2, 18661
What are the prime factors of 81?
3
List the prime factors of 33310.
2, 5, 3331
List the prime factors of 592.
2, 37
What are the prime factors of 24555?
3, 5, 1637
List the prime factors of 58057.
58057
List the prime factors of 12255.
3, 5, 19, 43
List the prime factors of 46799.
53, 883
What are the prime factors of 39692?
2, 9923
List the prime factors of 41674.
2, 67, 311
What are the prime factors of 2133?
3, 79
What are the prime factors of 38?
2, 19
List the prime factors of 17823.
3, 13, 457
List the prime factors of 6645.
3, 5, 443
What are the prime factors of 99220?
2, 5, 11, 41
What are the prime factors of 1242?
2, 3, 23
List the prime factors of 3457.
3457
What are the prime factors of 31?
31
What are the prime factors of 80225?
5, 3209
List the prime factors of 3995.
5, 17, 47
List the prime factors of 5531.
5531
List the prime factors of 412.
2, 103
What are the prime factors of 44113?
31, 1423
What are the prime factors of 10049?
13, 773
What are the prime factors of 62986?
2, 7, 11, 409
List the prime factors of 55913.
11, 13, 17, 23
What are the prime factors of 3387?
3, 1129
List the prime factors of 864.
2, 3
List the prime factors of 27987.
3, 19, 491
What are the prime factors of 22108?
2, 5527
List the prime factors of 6012.
2, 3, 167
List the prime factors of 10470.
2, 3, 5, 349
What are the prime factors of 482?
2, 241
What are the prime factors of 4435?
5, 887
List the prime factors of 5537.
7, 113
List the prime factors of 1267.
7, 181
List the prime factors of 21027.
3, 43, 163
List the prime factors of 916.
2, 229
List the prime factors of 8731.
8731
List the prime factors of 1366.
2, 683
List the prime factors of 53534.
2, 13, 29, 71
What are the prime factors of 40559?
40559
What are the prime factors of 524?
2, 131
What are the prime factors of 40631?
41, 991
List the prime factors of 36509.
11, 3319
What are the prime factors of 1855?
5, 7, 53
List the prime factors of 2235.
3, 5, 149
What are the prime factors of 3284?
2, 821
What are the prime factors of 292?
2, 73
List the prime factors of 1672.
2, 11, 19
What are the prime factors of 1017?
3, 113
What are the prime factors of 51182?
2, 157, 163
What are the prime factors of 71578?
2, 13, 2753
List the prime factors of 7270.
2, 5, 727
List the prime factors of 24187.
19, 67
What are the prime factors of 751?
751
List the prime factors of 12556.
2, 43, 73
List the prime factors of 23252.
2, 5813
List the prime factors of 1090.
2, 5, 109
What are the prime factors of 1067?
11, 97
What are the prime factors of 57437?
19, 3023
List the prime factors of 5826.
2, 3, 971
What are the prime factors of 236?
2, 59
What are the prime factors of 20720?
2, 5, 7, 37
List the prime factors of 18520.
2, 5, 463
What are the prime factors of 8567?
13, 659
List the prime factors of 10514.
2, 7, 751
What are the prime factors of 19740?
2, 3, 5, 7, 47
List the prime factors of 1165.
5, 233
List the prime factors of 2074.
2, 17, 61
List the prime factors of 1059.
3, 353
What are the prime factors of 1118?
2, 13, 43
List the prime factors of 1483.
1483
List the prime factors of 49510.
2, 5, 4951
List the prime factors of 19210.
2, 5, 17, 113
What are the prime factors of 2499?
3, 7, 17
List the prime factors of 40768.
2, 7, 13
What are the prime factors of 16346?
2, 11, 743
List the prime factors of 5620.
2, 5, 281
List the prime factors of 38289.
3, 12763
List the prime factors of 19361.
19, 1019
What are the prime factors of 8090?
2, 5, 809
List the prime factors of 11860.
2, 5, 593
List the prime factors of 1187.
1187
List the prime factors of 3363.
3, 19, 59
What are the prime factors of 6326?
2, 3163
What are the prime factors of 100565?
5, 20113
List the prime factors of 31133.
163, 191
List the prime factors of 6400.
2, 5
What are the prime factors of 25764?
2, 